ds digit of 152600031?
6
What is the tens digit of 146485195?
9
What is the ten millions digit of 386068155?
8
What is the ten thousands digit of 4589236?
8
What is the hundreds digit of 137466579?
5
What is the millions digit of 341817092?
1
What is the units digit of 1694015938?
8
What is the thousands digit of 178315937?
5
What is the ten thousands digit of 420350109?
5
What is the hundreds digit of 432844201?
2
What is the tens digit of 1172032767?
6
What is the thousands digit of 98222970?
2
What is the millions digit of 7696172510?
6
What is the millions digit of 3409405192?
9
What is the ten thousands digit of 324566895?
6
What is the ten thousands digit of 228141022?
4
What is the units digit of 5626486140?
0
What is the tens digit of 6624948?
4
What is the millions digit of 3768280093?
8
What is the hundred thousands digit of 1630219091?
2
What is the tens digit of 84642579?
7
What is the units digit of 3499777355?
5
What is the ten millions digit of 3508555722?
0
What is the tens digit of 871478659?
5
What is the hundred thousands digit of 101476801?
4
What is the thousands digit of 54522184?
2
What is the units digit of 54914618?
8
What is the hundred millions digit of 210133637?
2
What is the hundred thousands digit of 84869674?
8
What is the ten thousands digit of 46271358?
7
What is the thousands digit of 458350910?
0
What is the units digit of 3729941472?
2
What is the thousands digit of 237110219?
0
What is the hundred thousands digit of 1351403107?
4
What is the ten millions digit of 1242011229?
4
What is the ten millions digit of 1298624641?
9
What is the tens digit of 431103244?
4
What is the hundreds digit of 307157175?
1
What is the units digit of 4777979?
9
What is the ten thousands digit of 17479125?
7
What is the hundred thousands digit of 293330229?
3
What is the hundreds digit of 648514462?
4
What is the tens digit of 794651?
5
What is the tens digit of 2470440178?
7
What is the tens digit of 132978520?
2
What is the ten millions digit of 3197907140?
9
What is the millions digit of 235130763?
5
What is the thousands digit of 1467958816?
8
What is the hundred thousands digit of 186739096?
7
What is the millions digit of 233286686?
3
What is the billions digit of 4696013821?
4
What is the units digit of 2640688?
8
What is the millions digit of 20142740?
0
What is the hundred millions digit of 286266642?
2
What is the thousands digit of 1698658416?
8
What is the thousands digit of 7899308?
9
What is the ten millions digit of 65289397?
6
What is the units digit of 141215341?
1
What is the hundred thousands digit of 26419333?
4
What is the ten thousands digit of 337397012?
9
What is the ten millions digit of 2170652969?
7
What is the hundred thousands digit of 1061438561?
4
What is the hundreds digit of 17755036?
0
What is the millions digit of 92090616?
2
What is the tens digit of 762655472?
7
What is the tens digit of 1039894014?
1
What is the ten thousands digit of 134362254?
6
What is the thousands digit of 50575682?
5
What is the millions digit of 357322819?
7
What is the units digit of 337335964?
4
What is the millions digit of 464566408?
4
What is the hundreds digit of 4669046102?
1
What is the hundred millions digit of 184166693?
1
What is the units digit of 226930347?
7
What is the millions digit of 915797789?
5
What is the tens digit of 503769633?
3
What is the ten thousands digit of 151992632?
9
What is the ten millions digit of 24103605?
2
What is the millions digit of 6300153?
6
What is the millions digit of 63086974?
3
What is the tens digit of 47128075?
7
What is the units digit of 1468549619?
9
What is the units digit of 106809503?
3
What is the hundreds digit of 202015518?
5
What is the tens digit of 287183144?
4
What is the hundreds digit of 93169715?
7
What is the millions digit of 120582290?
0
What is the hundred thousands digit of 118402926?
4
What is the units digit of 1706557901?
1
What is the thousands digit of 1676362886?
2
What is the units digit of 28863839?
9
What is the hundred millions digit of 6618611491?
6
What is the billions digit of 4214216667?
4
What is the ten thousands digit of 56389847?
8
What is the tens digit of 5317813177?
7
What is the thousands digit of 1609409765?
9
What is the tens digit of 72834928?
2
What is the hundred millions digit of 1035214283?
0
What is the billions digit of 1725351613?
1
What is the ten millions digit of 196127080?
9
What is the hundreds digit of 2015215293?
2
What is the billions digit of 1363265289?
1
What is the hundred thousands digit of 938215?
9
What is the tens digit of 90955305?
0
What is the tens digit of 62645828?
2
What is the ten thousands digit of 48392256?
9
What is the thousands digit of 2734457949?
7
What is the hundreds digit of 63389838?
8
What is the millions digit of 3391584415?
1
What is the tens digit of 1185370501?
0
What is the hundred thousands digit of 52937149?
9
What is the ten thousands digit of 247072277?
7
What is the hundreds digit of 299406554?
5
What is the units digit of 157689960?
0
What is the tens digit of 327348532?
3
What is the units digit of 296223142?
2
What is the thousands digit of 33739044?
9
What is the hundred millions digit of 247900798?
2
What is the ten millions digit of 45894107?
4
What is the thousands digit of 2059506090?
6
What is the hundred thousands digit of 2999995055?
9
What is the tens digit of 3999008?
0
What is the tens digit of 8316013?
1
What is the tens digit of 51891060?
6
What is the tens digit of 1033823384?
8
What is the hundreds digit of 14997804?
8
What is the thousands digit of 101567720?
7
What is the ten millions digit of 84996948?
8
What is the millions digit of 17692878?
7
What is the hundred millions digit of 1175426936?
1
What is the units digit of 1404807?
7
What is the ten millions digit of 2304086168?
0
What is the hundreds digit of 23846264?
2
What is the ten millions digit of 38483621?
3
What is the ten millions digit of 155279291?
5
What is the hundreds digit of 172686215?
2
What is the hundred thousands digit of 2082160888?
1
What is the hundred thousands digit of 102679297?
6
What is the ten millions digit of 53019785?
5
What is the thousands digit of 50105143?
5
What is the ten thousands digit of 45857365?
5
What is the ten thousands digit of 646216466?
1
What is the hundred thousands digit of 39469143?
4
What is the ten millions digit of 235009333?
3
What is the units digit of 395351438?
8
What is the units digit of 4698218993?
3
What is the millions digit of 594226723?
4
What is the millions digit of 394308660?
4
What is the thousands digit of 126820533?
0
What is the ten millions digit of 24175535?
2
What is the hundred thousands digit of 1660273?
6
What is the hundred thousands digit of 1621700780?
7
What is the hundreds digit of 139529292?
2
What is the units digit of 488255921?
1
What is the billions digit of 2445705376?
2
What is the tens digit of 39132647?
4
What is the ten thousands digit of 187755732?
5
What is the units digit of 6251065656?
6
What is the hundreds digit of 52760178?
1
What is the units digit of 2572968671?
1
What is the ten thousands digit of 9450084?
5
What is the hundred thousands digit of 62792547?
7
What is the ten millions digit of 84659001?
8
What is the hundred thousands digit of 1523784321?
7
What is the tens digit of 211661981?
8
What is the units digit of 120971430?
0
What is the hundred thousands digit of 970154878?
1
What is the thousands digit of 498127004?
7
What is the units digit of 335690621?
1
What is the ten thousands digit of 584893209?
9
What is the thousands digit of 44769253?
9
What is the thousands digit of 45098895?
8
What is the ten millions digit of 1154125969?
5
What is the hundred thousands digit of 249594395?
5
What is the ten thousands digit of 5657303996?
0
What is the ten thousands digit of 4156200345?
0
What is the ten millions digit of 82242708?
8
What is the tens digit of 1071713952?
5
What is the hundred millions digit of 747319817?
7
What is the hundred millions digit of 543873060?
5
What is the hundreds digit of 24417478?
4
What is the millions digit of 25165705?
5
What is the units digit of 513068262?
2
What is the billions digit of 2723229692?
2
What is the tens digit of 56991317?
1
What is the